i**2 - 4. Let f be 6/4*(0 + 2). Let y be d(f). Let t(z) = -z**2 - 5*z + 2. Calculate the remainder when 11 is divided by t(y).
5
Let r = 19 + -6. Calculate the remainder when 49 is divided by r.
10
Suppose 3*z - 381 = 3*f, -4*z + 4*f = -z - 385. Calculate the remainder when z is divided by 31.
30
Let g be (-4)/2*(-4 + -1). Suppose -7*f + 2*f = -g. What is the remainder when 7 is divided by f?
1
Let u = 2 - 0. Suppose 0 = -2*b - b - 2*f + 38, -u*f = 10. What is the remainder when b is divided by 9?
7
Let w = 7 - -1. Suppose -3*v - 3*a + 96 = 2*v, 3*a + 93 = 4*v. Calculate the remainder when v is divided by w.
5
Let m be -1 + 42 - 3/(-3). Suppose 0 = c + 5*t - 14, -3*c + 0*t = -t - m. Calculate the remainder when 39 is divided by c.
11
Let m(d) = 3*d**2 - 18*d - 66. Calculate the remainder when (-2)/(-4) + 53/2 is divided by m(9).
12
Let p(o) = o - 3. Let d be p(-3). What is the remainder when 6 is divided by d/10*10/(-2)?
0
Let l be 2/(-7) - (-33)/(-7). Suppose 3*y + 5*g + 0*g - 108 = 0, -y + 43 = 4*g. Let z = l + y. Calculate the remainder when z is divided by 14.
12
Let m be (-26)/10 - 6/(-10). Let x = -4 + m. Calculate the remainder when 1 is divided by x/(-2) + (3 - 5).
0
Let q be -24*(-3)/3 + 0. Let j = 77 - q. What is the remainder when j is divided by 14?
11
Let m = -1 - -6. Let w(d) = -7*d + 7. Let h(k) = -7*k + 6. Let s(j) = m*h(j) - 4*w(j). Calculate the remainder when 31 is divided by s(-2).
15
Suppose -3*b + 2*b = 3*a, 4*a + 4 = 0. Let i be 6/9 - 7/(-3). Suppose k - i*l - 75 = -k, b*k - 116 = l. What is the remainder when k is divided by 20?
19
Suppose -6*c + c + 70 = 4*h, -65 = -5*h + 5*c. Calculate the remainder when h is divided by 8.
7
Let s be (-60)/(2/(-4)*2). Suppose z - 4*z = -s. Suppose -3*o - 354 = -9*o. Calculate the remainder when o is divided by z.
19
Suppose 0 = 5*g + 1 - 86. What is the remainder when g is divided by 9?
8
Calculate the remainder when 8 is divided by (-14)/35*(-75)/6.
3
Let v = 39 + 10. Suppose -2*w - 54 = -3*p - w, -5*w = 2*p - 19. What is the remainder when v is divided by p?
15
Let z = -15 - -62. What is the remainder when z is divided by 25?
22
Let i be (24/28)/(2/(-14)). Calculate the remainder when 90 is divided by (-136)/i - (-5)/15.
21
Calculate the remainder when 1/(-10)*4*-165 is divided by 17.
15
Let l(f) be the first derivative of f**3/3 - 6*f**2 - 19*f - 3. Suppose -2*s - n + 3*n = -52, 0 = 3*n. What is the remainder when s is divided by l(14)?
8
Let v(l) = 5*l + 2. What is the remainder when v(5) is divided by 7?
6
Suppose 82 = 5*q + 2. Let p = 30 - q. Let v = -4 + p. Calculate the remainder when 28 is divided by v.
8
What is the remainder when 4/3*222/4 is divided by 19?
17
Let j(y) = y**2 - 6*y. Let u be (-70)/(-9) - (-2)/9. Calculate the remainder when 61 is divided by j(u).
13
Let t(h) = 14*h + 1. Let w(z) = z**2 - 6*z - 45. Calculate the remainder when w(-6) is divided by t(1).
12
Let a(x) = -x**3 + 10*x**2 + x + 12. What is the remainder when 63 is divided by a(10)?
19
Let f(d) = 2*d**2 + 6*d + 4. Let y be f(-7). Suppose -y = -0*a - 5*a. Calculate the remainder when 34 is divided by a.
10
Let u be 2 - -1 - (4 + -6). Suppose -r = d - 14, -u*r + 63 = 2*d - 10. What is the remainder when 43 is divided by r?
13
Let l(x) be the first derivative of x**4/4 + 7*x**3/3 - x**2 + 3*x + 1. What is the remainder when l(-7) is divided by 9?
8
Let k(w) = 2*w**2 + 2*w - 3. Let z be k(2). Calculate the remainder when (-6)/(-4)*-1*-10 is divided by 10 + (z/(-3) - -1).
7
Suppose 2*v + 4*d = 122, 11*d - 299 = -5*v + 7*d. What is the remainder when v is divided by 20?
19
Suppose 2*m - 6*m = 4*y, 4*m = -5*y - 4. Suppose 5*a - 155 = 5*c, 7 = -5*a - m*c + 117. Let i = 31 + -22. What is the remainder when a is divided by i?
8
Let f be 0 + (-9)/(-3) + -1. Suppose 3*m - 10 = -f*m. Calculate the remainder when 16 is divided by (-1)/(m + -1) + 10.
7
Suppose a = 1 - 3, -3*w = -2*a - 10. Suppose -l - 39 = -3*t, w*t = 5*t - 3*l - 33. What is the remainder when 26 is divided by t?
12
Let m(a) = -a**2 + 8*a - 6. Calculate the remainder when 24 is divided by m(3).
6
Let z = -47 + 81. Let j(p) = 3*p - 10. Let n be j(4). Suppose -n - 2 = -t, -2*v + 5*t + 4 = 0. What is the remainder when z is divided by v?
10
Suppose -6*d + d = -h - 24, 5*d - 4*h = 36. Calculate the remainder when 15 is divided by d.
3
Let r(v) = v - 39. Let z be r(0). Let f be z/(-6) + 1/2. Let q = 18 - f. What is the remainder when 21 is divided by q?
10
Suppose -b = -2*t - 152, t - 3*t + 140 = b. Suppose -75 = -4*f - 4*m + 13, 4*m + b = 5*f. What is the remainder when 103 is divided by f?
25
Let f = 76 - 59. What is the remainder when 167 is divided by f?
14
Let p be (3*-2)/(14/(-595)). Suppose -p = -3*q + 4*l, -q - 3*l + 0*l + 72 = 0. Calculate the remainder when q is divided by 28.
25
Suppose -3*g - 14 + 107 = 0. What is the remainder when g is divided by 18?
13
Let m = -36 + 6. Let u be m/5 + 3/1. Let l = -1 - u. Calculate the remainder when 2 is divided by l.
0
Let k(q) = 5*q. Let h be k(-6). Let j = -15 - h. What is the remainder when 27 is divided by j?
12
Suppose -4*r + 3*t + 107 = 0, -2*t = -0*t - 6. What is the remainder when 42 is divided by r?
13
Suppose 0 = 12*l - 21 - 159. Let o(q) = -q + 57. Calculate the remainder when o(0) is divided by l.
12
Suppose 5 = -o + 11. What is the remainder when o is divided by 3?
0
Let m(t) = 5*t + 4. Let a(u) = u**3 - 4*u**2 - u + 1. Let z be a(5). Suppose 3*n = -0*n + z. Calculate the remainder when m(3) is divided by n.
5
Let x = -9 - -26. Let y = -2 - -4. Let q(b) = 3*b**3 + b**2 + b + 2. What is the remainder when q(y) is divided by x?
15
Let p be (-10)/10 - (-14 + 0). Suppose -7*z + 5*h = -3*z - p, 5*z + h = 9. What is the remainder when 6 is divided by z?
0
Let c = -11 + 16. Suppose -2*a - 2 = 3*q - 8, 5*a - 65 = c*q. Suppose 3*h - 3 = 0, -5*l + 0*h = h - 171. What is the remainder when l is divided by a?
7
Let v = 112 + -98. What is the remainder when 24 is divided by v?
10
Suppose 292 = -4*a + n - 5*n, -n = -2*a - 134. Let m be a/(-2)*4/3. Suppose -t + m = 3*y, 0 = -y + 4*t - 0 - 2. Calculate the remainder when 26 is divided by y.
12
Let o = 216 - 211. What is the remainder when (-2)/(24/14 - 2) is divided by o?
2
Suppose -2*m + 2*v + 11 = 3, -5*m + v = -24. What is the remainder when m is divided by 2?
1
Let j = 117 - 92. Calculate the remainder when (6/3)/(2/73) is divided by j.
23
Calculate the remainder when 54 is divided by -2 - (-4 + 5/(-1)).
5
Let c(n) = -2*n**3 - 6*n**2 + 7*n - 4. Let r(w) = -5*w**3 - 12*w**2 + 15*w - 7. Let b(s) = -7*c(s) + 3*r(s). What is the remainder when b(5) is divided by 7?
5
Suppose 3*l - 110 = -2. What is the remainder when l is divided by 19?
17
Suppose 3*o - 48 + 12 = 0. Calculate the remainder when 45 is divided by o.
9
Suppose -2*u = 13 - 49. Let n(f) = -3*f - 5. What is the remainder when u is divided by n(-4)?
4
Suppose 3*r - 21 - 24 = 3*f, 3*r = -4*f + 45. Calculate the remainder when r is divided by 6.
3
Suppose -60 = 4*l - 4*p - 0*p, 10 = -2*l - 2*p. Let q = 11 + l. Let d = 2 + -1. Calculate the remainder when q is divided by d.
0
Suppose 7*n - 4*n = 54. Let j = 2 - -3. Suppose -j*q + n = -12. Calculate the remainder when q is divided by 2.
0
Let v = -22 - -32. Let c = 14 - v. Suppose 2*i - c*i + 18 = -5*r, 0 = -2*r. Calculate the remainder when 16 is divided by i.
7
Suppose -656 = -4*z - 504. Suppose -3*h + 3*t = -t - 9, -5*h + 2*t + 29 = 0. Suppose -s + 3 + h = 0. What is the remainder when z is divided by s?
8
Let k(i) = -i**3 - i**2 + i - 2. Let r be k(-2). Let b = r + 3. Let j(p) = -p**3 + 5*p**2 - 2*p - 1. What is the remainder when 20 is divided by j(b)?
9
Let k be 2 - (1 - -1) - -14. Let x = k + -5. Suppose 5*i + 4*r = r + 130, 4*r = 0. What is the remainder when i is divided by x?
8
What is the remainder when 53 is divided by 152/11 - (-2)/11?
11
Let q = -17 - -77. Calculate the remainder when q is divided by 21.
18
Suppose 105 + 100 = 5*p. Calculate the remainder when p is divided by 9.
5
What is the remainder when (39 - -1) + (-12 - -9) is divided by 20?
17
Let t = 7 + 9. Suppose -v = -23 - 7. What is the remainder when v is divided by t?
14
Let p(y) = -2*y**3 + 3*y**2 + 2*y - 3. Calculate the remainder when p(-3) is divided by 25.
22
Let